 j?
0
What is the units digit of -5 + 3*(-65)/(-15)?
8
What is the units digit of ((-10)/(-7))/5 - 782/(-7)?
2
Let t be 12/1 - (-1 + 1). Suppose t = -4*u + 64. What is the tens digit of u?
1
Let h(a) = 10*a**2 + 4*a + 6. What is the units digit of h(-3)?
4
What is the units digit of 40/6 + 2/6?
7
Let s(i) = -2*i - 10. Let h be s(-8). What is the tens digit of (-4)/(h/21*-1)?
1
Suppose -f = 3*f - 104. What is the units digit of f?
6
Let d(m) = m**2 + m. Let f be d(-2). Let i(r) = 2*r**2 + 3*r - 3. What is the units digit of i(f)?
1
Suppose -4*r - 44 = -4*i - 2*r, 5*r + 50 = 4*i. What is the units digit of i?
0
Let c = -108 - -203. What is the units digit of c?
5
Let d be 2*-3*3/(-9). Suppose 2*l + 3*f = 13, 5*f + d + 3 = 0. What is the units digit of l?
8
Suppose 16 = 4*k, 3*n - 2*k + 0*k - 4 = 0. What is the units digit of n?
4
Let p(m) = -m**3 + 7*m**2 - m + 9. Let o be p(7). Suppose -5*k + 28 = 4*s - 46, o*s = 3*k + 26. What is the tens digit of s?
1
Suppose -7 - 8 = -5*w. Suppose 5*z = 15, 5*p = -5*z + 2*z + 144. Suppose w*o + 0 - p = 0. What is the units digit of o?
9
Let m be (-7 + 11)*134/8. Let g = 110 - m. What is the units digit of g?
3
Let y be (-63)/(-14)*(-4)/(-6). Suppose 5*o = -3*t + 95, 0*t - 3*t + 63 = -y*o. Suppose -5 - t = -2*i. What is the tens digit of i?
1
Suppose 6*k = 4*k + 8. Suppose -k*g + 19 = -17. What is the units digit of g?
9
What is the units digit of (-49)/(3 - (-4 - -8))?
9
What is the units digit of 3 + 62 + (-8)/4?
3
Suppose 3*i - 6*i + 27 = 0. Let u be (-4)/18 - (-812)/252. Let q = u + i. What is the tens digit of q?
1
Suppose 3 = 5*r + p, 4 = 3*r - 2*p + 10. Suppose 1 + r = o. Suppose 0 = 5*m + i - 28, -o = 2*m - 3*i - 2. What is the units digit of m?
5
Let l = -3 - -8. Suppose -z = l*w - 59, 3*z - 3*w + 11 = 116. Let x = z - 28. What is the tens digit of x?
1
Suppose -5*c - x = 4*x - 605, -3*c + 348 = -2*x. What is the tens digit of c?
1
Suppose -2*s - 12 = -5*s. Suppose 0 = -3*m + s*p + 29, 2*m = -2*m - 5*p - 13. What is the units digit of m?
3
Suppose -6 = 2*s + 2*j, -2*j + j - 3 = -5*s. Suppose s = -2*a + 3*a - 5, -5*w = -4*a - 155. What is the units digit of w?
5
Let r be ((-12)/3)/((-4)/10). Let b(l) = -9*l**2 - l**3 + 2*l**3 - 3 - 9*l + 0*l. What is the units digit of b(r)?
7
Let l = -1 + 4. Suppose -2*c + 60 = l*c. What is the units digit of c?
2
Let u = -2 - -11. Suppose -u*n - 100 = -13*n. What is the units digit of n?
5
Let u = -10 - -10. Suppose u = p - 5 + 3. What is the units digit of p?
2
Let h(k) = -k**3 + 6*k**2 + 6. Let o be (-4)/6 + 14/(-6). Let j be -9*((-1)/o - 1). What is the units digit of h(j)?
6
Let l = 8 - -18. What is the units digit of l?
6
Let b(k) be the first derivative of -k**4/24 + 3*k**3/2 - k**2/2 - 2. Let q(o) be the second derivative of b(o). What is the units digit of q(6)?
3
Suppose 0 = 2*w + 5*p - 136, -2*p - 7 = -3. What is the units digit of w?
3
Suppose -5*h + 0*h = -25. Suppose -2*f - f + 87 = -h*z, 0 = 5*z + 3*f + 93. Let t = 29 + z. What is the units digit of t?
1
Suppose 6 = 2*f + 2. Suppose 3*n = -2*a + 7*n + 26, f*n = -4. What is the units digit of a?
9
Suppose 3*v + 6 = 2*f + f, -f - 4*v - 18 = 0. Let l(b) = -b**3 - 4*b**2 - 3*b. Let x be l(f). What is the units digit of (-1 + 0 - 1)/x?
1
Let a(g) be the first derivative of -g**3/3 - g**2 + 3*g - 2. Let u be a(2). Let w = -3 - u. What is the units digit of w?
2
Let a(n) = -4*n + 5. Let d be a(4). Let w = 19 + d. What is the units digit of w?
8
Let v = -3 - -1. Let l be 4/(4 + v + 0). Let q = l - -1. What is the units digit of q?
3
Suppose 3*r + 3*y + 2*y = 47, 5*r - 33 = 3*y. What is the units digit of r?
9
Let p(a) = a**2 + 13*a - 15. What is the tens digit of p(6)?
9
Let m be 12*((-6)/9 + 1). Suppose -m*h + 24 = -3*k, -5*h - k + 6*k = -35. What is the units digit of 8 - h - (-2)/(-2)?
4
Let g(w) = w**3 + w + 21. Let c be g(0). Suppose -28 = -4*t + 3*j, t - c = -2*t - 3*j. What is the units digit of t?
7
Suppose -67 = -2*p - 4*z + 25, 0 = -4*p - 4*z + 164. What is the tens digit of p?
3
Suppose -l + 5*s + 28 = 0, -5*l + 4*s - 2 = -79. What is the units digit of l?
3
What is the tens digit of (-2)/4 - 71/(-2)?
3
What is the tens digit of -7*(-2)/(-14)*-30?
3
Let r = -1 - -8. Let h = r + -9. What is the units digit of ((-11)/(-2) + h)*2?
7
Suppose -2*u + 3 = 1. Let j = 26 - u. Suppose 4*k + 30 = 5*t + k, j = -5*k. What is the units digit of t?
3
Let u be 1/(-3) + (-73)/(-3). Let q = u + -14. What is the tens digit of q?
1
Suppose 7*p = -0*p + 756. What is the tens digit of p?
0
Let f = 280 - 155. What is the units digit of f?
5
Let w be (0*(-3)/(-9))/(-1). Suppose 4*v - 5*v + 16 = w. Suppose 4*p - 3*d - 32 = v, 3*d = -12. What is the units digit of p?
9
Let z be (6 - 6)/((-6)/(-2)). What is the tens digit of (2 - z)*(2 + 3)?
1
Let r = 10 - 8. Suppose 0 = f - r + 1. What is the units digit of f?
1
Let k be (0 - 1)*67*-1. Let f = -53 - -55. Suppose -68 = -4*u - b, 4*u + f*b - k = 5. What is the units digit of u?
6
Suppose -3*v + 9 = 4*x, 5*x - v - 2*v = 18. Suppose 0 = 3*o - x*b, -5 - 10 = -3*b. What is the units digit of o?
5
Let b(y) be the third derivative of y**5/60 - y**4/6 - y**3/6 + y**2. Suppose -5 - 15 = -4*z. What is the units digit of b(z)?
4
Suppose 1 = -k + 4. Let w be (2/6)/(4/36). Suppose k*h + 2*t + w = 2*h, 0 = h + 5*t + 9. What is the units digit of h?
1
Let x = 19 - -9. What is the units digit of x?
8
Suppose -i = -2*i + 2. Suppose i*j = 3*j - 45. What is the tens digit of j?
4
Suppose -q = -4*j + j + 28, q = -4. What is the units digit of j?
8
Let w(l) = -l**3 + 5*l**2 - 5*l + 4. Let f be w(4). Suppose t + 4*j - 27 = f, -4*j = 2*t + t - 57. What is the tens digit of t?
1
Suppose 6*u = 4*u - 34. Let v = 4 + u. Let i = 23 + v. What is the units digit of i?
0
Let f(s) = 3*s**2 - 6. Let r(g) = 4*g**2 + g - 7. Let h(l) = 5*f(l) - 4*r(l). Let a = -8 + 5. What is the units digit of h(a)?
1
Suppose i + 2*n - 3 = 3*n, -3*i - 4*n + 16 = 0. Suppose i*r - 10 = -r. Suppose 0 = d - r*d + 3. What is the units digit of d?
3
Let x be 26/7 + (-2)/(-7). Suppose -d = -2*d - 4*b - 7, x*d + 2*b - 28 = 0. What is the units digit of d?
9
Suppose -5*m = -15, 3*f + m = -2*m + 21. Suppose 69 - 17 = f*h. What is the units digit of h?
3
Suppose p + 4*p - 15 = 0. Let j(w) = w**2 - w. What is the units digit of j(p)?
6
Suppose -7*b + 202 = -36. What is the units digit of b?
4
Suppose 0 = l - 1. Suppose 10 = -9*f + 1. What is the units digit of (-1 + l - f) + 0?
1
Let d(r) = -r**2 - 7*r - 9. Let f be d(-6). Let v(z) = z**2 - 5*z - 2. Let h be v(f). Suppose 3*a - 2 = 5*t + 24, -5*a + h = -3*t. What is the units digit of a?
2
What is the tens digit of 1/(-3) + (-3576)/(-36)?
9
Let f(t) = 1. Let h(u) = -u**2 + 2*u - 1. Let r(s) = -6*f(s) - h(s). Let j(a) = -a**3 - 7*a**2 + 7*a - 4. Let m be j(-8). What is the units digit of r(m)?
3
Let t(y) = -9*y - 1. Let c(h) = -h**3 - h**2 + h. Let j be c(-1). What is the units digit of t(j)?
8
Let g = -56 + 26. What is the units digit of 2/6*(0 - g)?
0
Suppose 0 = -2*u - u + t + 70, -4*t + 20 = 0. What is the tens digit of u?
2
What is the units digit of (-6)/21 - 27/(-21)?
1
Suppose 4*g + 485 = 9*g. What is the units digit of g?
7
What is the units digit of -2*((-35)/10)/7?
1
Suppose -p = 2*q - 5, -2*q - 1 = -q. Suppose 3*x - p = 8. What is the units digit of x?
5
Suppose -26*o = -23*o - 1230. What is the units digit of o?
0
Let r be ((-6)/(-15))/(4/10). What is the tens digit of (21*(3 - 2))/r?
2
Let j(c) = -2*c**2 + 10*c + 5. Let w be j(5). Suppose 0 = 5*k - 10*k - 3*p - 10, -3*k + w*p + 28 = 0. What is the units digit of k?
1
What is the tens digit of (-1)/(118/(-39) + 3)?
3
Let d(u) = u**3 + 12*u**2 + 5*u + 15. What is the units digit of d(-11)?
1
Let d(a) be the first derivative of a**4/4 - a**3 - a**2/2 - 3*a + 5. What is the tens digit of d(5)?
4
Let a(i) = i**3 - 2*i**2 - 2. Let k = 39 + -71. Let j be k/(-12) + 1/3. What is the units digit of a(j)?
7
Let r(d) = 6*d + 1. What is the units digit of r(3)?
9
Let q(t) = -t**3 + 6*t**2 + 7*t + 6. What is the tens digit of q(6)?
4
Let q(r) = -r - 3. Let k be q(3). Let a be k/(-4) - 28/(-8). Suppose a*i - 22 = 53. What is the tens digit of i?
1
What is the units digit of (-140)/(-2 + 1)*6/4?
0
Suppose i - 4 = -6. Let j = 3 + i. What